{"id":948,"date":"2017-09-02T19:33:14","date_gmt":"2017-09-02T18:33:14","guid":{"rendered":"http:\/\/iesmedinaalbaida.catedu.es\/?page_id=948"},"modified":"2021-09-08T17:14:52","modified_gmt":"2021-09-08T16:14:52","slug":"componentes","status":"publish","type":"page","link":"https:\/\/iesmedinaalbaida.catedu.es\/?page_id=948","title":{"rendered":"Componentes"},"content":{"rendered":"<table class=\" aligncenter\" style=\"width: 761px;\">\n<tbody>\n<tr>\n<td style=\"width: 294px;\"><strong>Jefa de Departamento<\/strong><\/td>\n<td style=\"width: 455px;\">\u00a0Cristina Tendero\u00a0 \u00a0 \u00a0 \u00a0 (Orientadora)<\/td>\n<\/tr>\n<tr>\n<td style=\"width: 294px; vertical-align: top;\"><strong>Profesorado<\/strong><\/td>\n<td style=\"width: 455px;\">M\u00aa \u00c1ngeles Laguna\u00a0 (\u00c1mbito Cient\u00edfico-T\u00e9cnico)<\/p>\n<p>Elena Rodr\u00edguez \u00a0 \u00a0(\u00c1mbito Socio-Ling\u00fc\u00edstico)<\/p>\n<p>Paz Ballesteros \u00a0(PT)<\/p>\n<p>Pilar Baz\u00e1n (PT)<\/p>\n<p>Nadia Ceache\u00a0 (PT)<\/td>\n<\/tr>\n<\/tbody>\n<\/table>\n","protected":false},"excerpt":{"rendered":"<p>Jefa de Departamento \u00a0Cristina Tendero\u00a0 \u00a0 \u00a0 \u00a0 (Orientadora) Profesorado M\u00aa \u00c1ngeles Laguna\u00a0 (\u00c1mbito Cient\u00edfico-T\u00e9cnico) Elena Rodr\u00edguez \u00a0 \u00a0(\u00c1mbito Socio-Ling\u00fc\u00edstico) Paz Ballesteros \u00a0(PT) Pilar Baz\u00e1n (PT) Nadia Ceache\u00a0 (PT)<\/p>\n","protected":false},"author":1179,"featured_media":0,"parent":379,"menu_order":0,"comment_status":"closed","ping_status":"closed","template":"","meta":{"_uag_custom_page_level_css":"","_crdt_document":"","_monsterinsights_skip_tracking":false,"_monsterinsights_sitenote_active":false,"_monsterinsights_sitenote_note":"","_monsterinsights_sitenote_category":0,"footnotes":""},"class_list":["post-948","page","type-page","status-publish","hentry","nodate","item-wrap"],"uagb_featured_image_src":{"full":false,"thumbnail":false,"medium":false,"medium_large":false,"large":false,"1536x1536":false,"2048x2048":false,"graphene_slider":false,"graphene_featured_image":false,"post-thumbnail":false},"uagb_author_info":{"display_name":"IES Medina Albaida","author_link":"https:\/\/iesmedinaalbaida.catedu.es\/?author=1179"},"uagb_comment_info":0,"uagb_excerpt":"Jefa de Departamento \u00a0Cristina Tendero\u00a0 \u00a0 \u00a0 \u00a0 (Orientadora) Profesorado M\u00aa \u00c1ngeles Laguna\u00a0 (\u00c1mbito Cient\u00edfico-T\u00e9cnico) Elena Rodr\u00edguez \u00a0 \u00a0(\u00c1mbito Socio-Ling\u00fc\u00edstico) Paz Ballesteros \u00a0(PT) Pilar Baz\u00e1n (PT) Nadia Ceache\u00a0 (PT)","_links":{"self":[{"href":"https:\/\/iesmedinaalbaida.catedu.es\/index.php?rest_route=\/wp\/v2\/pages\/948","targetHints":{"allow":["GET"]}}],"collection":[{"href":"https:\/\/iesmedinaalbaida.catedu.es\/index.php?rest_route=\/wp\/v2\/pages"}],"about":[{"href":"https:\/\/iesmedinaalbaida.catedu.es\/index.php?rest_route=\/wp\/v2\/types\/page"}],"author":[{"embeddable":true,"href":"https:\/\/iesmedinaalbaida.catedu.es\/index.php?rest_route=\/wp\/v2\/users\/1179"}],"replies":[{"embeddable":true,"href":"https:\/\/iesmedinaalbaida.catedu.es\/index.php?rest_route=%2Fwp%2Fv2%2Fcomments&post=948"}],"version-history":[{"count":11,"href":"https:\/\/iesmedinaalbaida.catedu.es\/index.php?rest_route=\/wp\/v2\/pages\/948\/revisions"}],"predecessor-version":[{"id":7801,"href":"https:\/\/iesmedinaalbaida.catedu.es\/index.php?rest_route=\/wp\/v2\/pages\/948\/revisions\/7801"}],"up":[{"embeddable":true,"href":"https:\/\/iesmedinaalbaida.catedu.es\/index.php?rest_route=\/wp\/v2\/pages\/379"}],"wp:attachment":[{"href":"https:\/\/iesmedinaalbaida.catedu.es\/index.php?rest_route=%2Fwp%2Fv2%2Fmedia&parent=948"}],"curies":[{"name":"wp","href":"https:\/\/api.w.org\/{rel}","templated":true}]}}

<table class=" aligncenter" style="width: 761px;">
<tbody>
<tr>
<td style="width: 294px;"><strong>Jefa de Departamento</strong></td>
<td style="width: 455px;"> Cristina Tendero        (Orientadora)</td>
</tr>
<tr>
<td style="width: 294px; vertical-align: top;"><strong>Profesorado</strong></td>
<td style="width: 455px;">Mª Ángeles Laguna  (Ámbito Científico-Técnico)</p>
<p>Elena Rodríguez    (Ámbito Socio-Lingüístico)</p>
<p>Paz Ballesteros  (PT)</p>
<p>Pilar Bazán (PT)</p>
<p>Nadia Ceache  (PT)</td>
</tr>
</tbody>
</table>

<p>Jefa de Departamento  Cristina Tendero        (Orientadora) Profesorado Mª Ángeles Laguna  (Ámbito Científico-Técnico) Elena Rodríguez    (Ámbito Socio-Lingüístico) Paz Ballesteros  (PT) Pilar Bazán (PT) Nadia Ceache  (PT)</p>

Jefa de Departamento  Cristina Tendero        (Orientadora) Profesorado Mª Ángeles Laguna  (Ámbito Científico-Técnico) Elena Rodríguez    (Ámbito Socio-Lingüístico) Paz Ballesteros  (PT) Pilar Bazán (PT) Nadia Ceache  (PT)
