{"id":891,"date":"2017-09-02T18:40:05","date_gmt":"2017-09-02T17:40:05","guid":{"rendered":"http:\/\/iesmedinaalbaida.catedu.es\/?page_id=891"},"modified":"2025-10-16T11:40:45","modified_gmt":"2025-10-16T10:40:45","slug":"componentes-8","status":"publish","type":"page","link":"https:\/\/iesmedinaalbaida.catedu.es\/?page_id=891","title":{"rendered":"GEOGRAF\u00cdA e HISTORIA"},"content":{"rendered":"<table class=\" alignleft\" style=\"width: 485px;\">\n<tbody>\n<tr>\n<td style=\"width: 240px;\"><strong>Jefa de Departamento<\/strong><\/td>\n<td style=\"width: 234px;\">M\u00aa Pilar Guill\u00e9n<\/td>\n<\/tr>\n<tr>\n<td style=\"width: 240px;\"><strong>Profesorado<\/strong><\/td>\n<td style=\"width: 234px;\">Miriam Salinas<\/td>\n<\/tr>\n<tr>\n<td style=\"width: 240px;\"><strong>\u00a0<\/strong><\/td>\n<td style=\"width: 234px;\">Rosa Garza<\/td>\n<\/tr>\n<tr>\n<td style=\"width: 240px;\"><strong>\u00a0<\/strong><\/td>\n<td style=\"width: 234px;\">Francisco J. Navarro<\/td>\n<\/tr>\n<tr>\n<td style=\"width: 240px;\"><strong>\u00a0<\/strong><\/td>\n<td style=\"width: 234px;\">Laura Encabo<\/td>\n<\/tr>\n<tr>\n<td style=\"width: 240px;\"><strong>\u00a0<\/strong><\/td>\n<td style=\"width: 234px;\">Mar\u00eda Gam\u00f3n<\/td>\n<\/tr>\n<\/tbody>\n<\/table>\n<p style=\"text-align: left;\"><img loading=\"lazy\" decoding=\"async\" class=\"alignnone alignright\" src=\"http:\/\/maralboran.eu\/geografia\/wp-content\/uploads\/sites\/29\/2016\/06\/brujula_y_mapa_muralesyvinilos_45304733__Monthly_XXL-720x340.jpg\" alt=\"Resultado de imagen de geografia e historia\" width=\"240\" height=\"113\" \/><\/p>\n<p>&nbsp;<\/p>\n<p>&nbsp;<\/p>\n<p>&nbsp;<\/p>\n<p>&nbsp;<\/p>\n<p>&nbsp;<\/p>\n<p>&nbsp;<\/p>\n<p><span style=\"font-size: 36pt;\"><a href=\"https:\/\/sites.google.com\/iesmedinaalbaida.com\/departamento-de-geografa-e-his\/inicio\" target=\"_blank\" rel=\"noopener noreferrer\"><strong><span style=\"font-size: 18pt; background-color: #ffffff; color: #0000ff;\">WEB Departamento Geograf\u00eda e Historia<\/span><\/strong><\/a><\/span><\/p>\n<p>&nbsp;<\/p>\n","protected":false},"excerpt":{"rendered":"<p>Jefa de Departamento M\u00aa Pilar Guill\u00e9n Profesorado Miriam Salinas \u00a0 Rosa Garza \u00a0 Francisco J. Navarro \u00a0 Laura Encabo \u00a0 Mar\u00eda Gam\u00f3n &nbsp; &nbsp; &nbsp; &nbsp; &nbsp; &nbsp; WEB Departamento Geograf\u00eda e Historia &nbsp;<\/p>\n","protected":false},"author":1179,"featured_media":0,"parent":0,"menu_order":10,"comment_status":"closed","ping_status":"closed","template":"","meta":{"_crdt_document":"","_monsterinsights_skip_tracking":false,"_monsterinsights_sitenote_active":false,"_monsterinsights_sitenote_note":"","_monsterinsights_sitenote_category":0,"footnotes":""},"class_list":["post-891","page","type-page","status-publish","hentry","nodate","item-wrap"],"_links":{"self":[{"href":"https:\/\/iesmedinaalbaida.catedu.es\/index.php?rest_route=\/wp\/v2\/pages\/891","targetHints":{"allow":["GET"]}}],"collection":[{"href":"https:\/\/iesmedinaalbaida.catedu.es\/index.php?rest_route=\/wp\/v2\/pages"}],"about":[{"href":"https:\/\/iesmedinaalbaida.catedu.es\/index.php?rest_route=\/wp\/v2\/types\/page"}],"author":[{"embeddable":true,"href":"https:\/\/iesmedinaalbaida.catedu.es\/index.php?rest_route=\/wp\/v2\/users\/1179"}],"replies":[{"embeddable":true,"href":"https:\/\/iesmedinaalbaida.catedu.es\/index.php?rest_route=%2Fwp%2Fv2%2Fcomments&post=891"}],"version-history":[{"count":28,"href":"https:\/\/iesmedinaalbaida.catedu.es\/index.php?rest_route=\/wp\/v2\/pages\/891\/revisions"}],"predecessor-version":[{"id":9791,"href":"https:\/\/iesmedinaalbaida.catedu.es\/index.php?rest_route=\/wp\/v2\/pages\/891\/revisions\/9791"}],"wp:attachment":[{"href":"https:\/\/iesmedinaalbaida.catedu.es\/index.php?rest_route=%2Fwp%2Fv2%2Fmedia&parent=891"}],"curies":[{"name":"wp","href":"https:\/\/api.w.org\/{rel}","templated":true}]}}

GEOGRAFÍA e HISTORIA

<table class=" alignleft" style="width: 485px;">
<tbody>
<tr>
<td style="width: 240px;"><strong>Jefa de Departamento</strong></td>
<td style="width: 234px;">Mª Pilar Guillén</td>
</tr>
<tr>
<td style="width: 240px;"><strong>Profesorado</strong></td>
<td style="width: 234px;">Miriam Salinas</td>
</tr>
<tr>
<td style="width: 240px;"><strong> </strong></td>
<td style="width: 234px;">Rosa Garza</td>
</tr>
<tr>
<td style="width: 240px;"><strong> </strong></td>
<td style="width: 234px;">Francisco J. Navarro</td>
</tr>
<tr>
<td style="width: 240px;"><strong> </strong></td>
<td style="width: 234px;">Laura Encabo</td>
</tr>
<tr>
<td style="width: 240px;"><strong> </strong></td>
<td style="width: 234px;">María Gamón</td>
</tr>
</tbody>
</table>
<p style="text-align: left;"><img loading="lazy" decoding="async" class="alignnone alignright" src="http://maralboran.eu/geografia/wp-content/uploads/sites/29/2016/06/brujula_y_mapa_muralesyvinilos_45304733__Monthly_XXL-720x340.jpg" alt="Resultado de imagen de geografia e historia" width="240" height="113" /></p>
<p>&nbsp;</p>
<p>&nbsp;</p>
<p>&nbsp;</p>
<p>&nbsp;</p>
<p>&nbsp;</p>
<p>&nbsp;</p>
<p><span style="font-size: 36pt;"><a href="https://sites.google.com/iesmedinaalbaida.com/departamento-de-geografa-e-his/inicio" target="_blank" rel="noopener noreferrer"><strong><span style="font-size: 18pt; background-color: #ffffff; color: #0000ff;">WEB Departamento Geografía e Historia</span></strong></a></span></p>
<p>&nbsp;</p>

<p>Jefa de Departamento Mª Pilar Guillén Profesorado Miriam Salinas   Rosa Garza   Francisco J. Navarro   Laura Encabo   María Gamón &nbsp; &nbsp; &nbsp; &nbsp; &nbsp; &nbsp; WEB Departamento Geografía e Historia &nbsp;</p>
