{"id":3966,"date":"2019-05-06T14:53:57","date_gmt":"2019-05-06T13:53:57","guid":{"rendered":"https:\/\/iesmedinaalbaida.catedu.es\/?page_id=3966"},"modified":"2025-09-04T17:50:36","modified_gmt":"2025-09-04T16:50:36","slug":"horario","status":"publish","type":"page","link":"https:\/\/iesmedinaalbaida.catedu.es\/?page_id=3966","title":{"rendered":"HORARIO"},"content":{"rendered":"\n<div class=\"entry-content clearfix\">\n<p>El horario general del instituto es de 8:00 a 19:30.<\/p>\n<p>El horario de atenci\u00f3n al p\u00fablico en la Secretar\u00eda del Centro es de 9:00 a 14:00.<\/p>\n<p>El horario lectivo de los alumnos es el siguiente:<\/p>\n<table class=\" aligncenter\" style=\"height: 319px; width: 56.9812%;\" width=\"307\">\n<tbody>\n<tr>\n<th style=\"width: 50.9289%; text-align: center; vertical-align: middle;\" colspan=\"2\"><strong>Horario<\/strong><\/th>\n<\/tr>\n<tr>\n<td style=\"width: 18.5186%;\">1\u00aa<\/td>\n<td style=\"width: 32.4103%;\">08:30 \u2013 09:20 h<\/td>\n<\/tr>\n<tr>\n<td style=\"width: 18.5186%;\">2\u00aa<\/td>\n<td style=\"width: 32.4103%;\">09:25 \u2013 10:15 h<\/td>\n<\/tr>\n<tr>\n<td style=\"width: 18.5186%;\">3\u00aa<\/td>\n<td style=\"width: 32.4103%;\">10:20 \u2013 11:10 h<\/td>\n<\/tr>\n<tr>\n<td style=\"width: 18.5186%;\"><span style=\"font-size: 10pt;\">Recreo<\/span><\/td>\n<td style=\"width: 32.4103%;\"><span style=\"font-size: 10pt;\">\u00a0 \u00a0 11:10 \u2013 11:40 h<\/span><\/td>\n<\/tr>\n<tr>\n<td style=\"width: 18.5186%;\">4\u00aa<\/td>\n<td style=\"width: 32.4103%;\">11:40 \u2013 12:30 h<\/td>\n<\/tr>\n<tr>\n<td style=\"width: 18.5186%;\">5\u00aa<\/td>\n<td style=\"width: 32.4103%;\">12:35 \u2013 13:25 h<\/td>\n<\/tr>\n<tr>\n<td style=\"width: 18.5186%;\">6\u00aa<\/td>\n<td style=\"width: 32.4103%;\">13:30 \u2013 14:20 h<\/td>\n<\/tr>\n<tr>\n<td style=\"width: 18.5186%;\"><span style=\"font-size: 10pt;\">Recreo<\/span><\/td>\n<td style=\"width: 32.4103%;\"><span style=\"font-size: 10pt;\">\u00a0 \u00a0 14:20 &#8211; 14:30 h<\/span><\/td>\n<\/tr>\n<tr>\n<td style=\"width: 18.5186%;\">7\u00aa<\/td>\n<td style=\"width: 32.4103%;\">14:30 &#8211; 15:15 h<\/td>\n<\/tr>\n<\/tbody>\n<\/table>\n<p>\u00a0<\/p>\n<\/div>\n\n\n","protected":false},"excerpt":{"rendered":"<p>El horario general del instituto es de 8:00 a 19:30. El horario de atenci\u00f3n al p\u00fablico en la Secretar\u00eda del Centro es de 9:00 a 14:00. El horario lectivo de los alumnos es el siguiente: Horario 1\u00aa 08:30 \u2013 09:20 h 2\u00aa 09:25 \u2013 10:15 h 3\u00aa 10:20 \u2013 11:10 h Recreo \u00a0 \u00a0 11:10 &hellip; <\/p>\n<p><a class=\"more-link btn\" href=\"https:\/\/iesmedinaalbaida.catedu.es\/?page_id=3966\">Seguir leyendo<\/a><\/p>\n","protected":false},"author":1179,"featured_media":0,"parent":0,"menu_order":2,"comment_status":"closed","ping_status":"closed","template":"","meta":{"_crdt_document":"","_monsterinsights_skip_tracking":false,"_monsterinsights_sitenote_active":false,"_monsterinsights_sitenote_note":"","_monsterinsights_sitenote_category":0,"footnotes":""},"class_list":["post-3966","page","type-page","status-publish","hentry","nodate","item-wrap"],"_links":{"self":[{"href":"https:\/\/iesmedinaalbaida.catedu.es\/index.php?rest_route=\/wp\/v2\/pages\/3966","targetHints":{"allow":["GET"]}}],"collection":[{"href":"https:\/\/iesmedinaalbaida.catedu.es\/index.php?rest_route=\/wp\/v2\/pages"}],"about":[{"href":"https:\/\/iesmedinaalbaida.catedu.es\/index.php?rest_route=\/wp\/v2\/types\/page"}],"author":[{"embeddable":true,"href":"https:\/\/iesmedinaalbaida.catedu.es\/index.php?rest_route=\/wp\/v2\/users\/1179"}],"replies":[{"embeddable":true,"href":"https:\/\/iesmedinaalbaida.catedu.es\/index.php?rest_route=%2Fwp%2Fv2%2Fcomments&post=3966"}],"version-history":[{"count":18,"href":"https:\/\/iesmedinaalbaida.catedu.es\/index.php?rest_route=\/wp\/v2\/pages\/3966\/revisions"}],"predecessor-version":[{"id":9746,"href":"https:\/\/iesmedinaalbaida.catedu.es\/index.php?rest_route=\/wp\/v2\/pages\/3966\/revisions\/9746"}],"wp:attachment":[{"href":"https:\/\/iesmedinaalbaida.catedu.es\/index.php?rest_route=%2Fwp%2Fv2%2Fmedia&parent=3966"}],"curies":[{"name":"wp","href":"https:\/\/api.w.org\/{rel}","templated":true}]}}